What is the ten millions digit of 577770389?
7
What is the tens digit of 2222307713?
1
What is the ten thousands digit of 2184761602?
6
What is the units digit of 147582098?
8
What is the thousands digit of 35815286?
5
What is the hundred thousands digit of 1218056970?
0
What is the ten millions digit of 83768072?
8
What is the hundred thousands digit of 65507907?
5
What is the units digit of 773683081?
1
What is the hundred millions digit of 238670658?
2
What is the hundred thousands digit of 726015361?
0
What is the thousands digit of 67563577?
3
What is the ten millions digit of 2191359010?
9
What is the ten thousands digit of 4488414650?
1
What is the units digit of 1938932542?
2
What is the units digit of 160015510?
0
What is the hundred millions digit of 899205759?
8
What is the ten millions digit of 1582497945?
8
What is the thousands digit of 132715837?
5
What is the hundreds digit of 1012065955?
9
What is the millions digit of 43927830?
3
What is the hundred thousands digit of 867403869?
4
What is the tens digit of 339046974?
7
What is the hundred thousands digit of 596242972?
2
What is the millions digit of 4191635210?
1
What is the units digit of 276115445?
5
What is the hundred millions digit of 186920395?
1
What is the millions digit of 116806768?
6
What is the billions digit of 1224482271?
1
What is the thousands digit of 70355294?
5
What is the tens digit of 56467098?
9
What is the hundred millions digit of 666459340?
6
What is the units digit of 170180954?
4
What is the hundred millions digit of 4270988606?
2
What is the hundreds digit of 388438018?
0
What is the thousands digit of 90603459?
3
What is the units digit of 49929606?
6
What is the hundred millions digit of 553140876?
5
What is the tens digit of 369013254?
5
What is the ten millions digit of 648429537?
4
What is the ten thousands digit of 793547936?
4
What is the hundreds digit of 5094554902?
9
What is the units digit of 60342405?
5
What is the units digit of 43778832?
2
What is the units digit of 170683720?
0
What is the tens digit of 35080067?
6
What is the millions digit of 5205549299?
5
What is the hundreds digit of 45806757?
7
What is the hundreds digit of 1254163812?
8
What is the ten millions digit of 748355924?
4
What is the thousands digit of 1793218444?
8
What is the hundreds digit of 86769815?
8
What is the hundreds digit of 919136085?
0
What is the billions digit of 1880340646?
1
What is the tens digit of 143644585?
8
What is the millions digit of 371558795?
1
What is the units digit of 90770982?
2
What is the units digit of 401364521?
1
What is the units digit of 316010733?
3
What is the units digit of 3597342234?
4
What is the ten thousands digit of 114200998?
0
What is the tens digit of 67525101?
0
What is the tens digit of 38767449?
4
What is the tens digit of 733958578?
7
What is the hundred thousands digit of 481359738?
3
What is the millions digit of 138318181?
8
What is the hundred thousands digit of 406670281?
6
What is the hundreds digit of 644980530?
5
What is the ten thousands digit of 297180514?
8
What is the thousands digit of 2881813?
1
What is the hundred thousands digit of 3140511104?
5
What is the ten millions digit of 2168275943?
6
What is the billions digit of 1282476258?
1
What is the ten thousands digit of 768746912?
4
What is the hundred thousands digit of 61780554?
7
What is the units digit of 889488363?
3
What is the hundred thousands digit of 103231478?
2
What is the ten millions digit of 43516128?
4
What is the ten thousands digit of 5049083249?
8
What is the millions digit of 272879939?
2
What is the hundred thousands digit of 51913467?
9
What is the millions digit of 149380258?
9
What is the units digit of 147928749?
9
What is the units digit of 63347568?
8
What is the thousands digit of 1230891637?
1
What is the ten millions digit of 2606540708?
0
What is the ten thousands digit of 83004328?
0
What is the units digit of 40304103?
3
What is the units digit of 1580832721?
1
What is the ten thousands digit of 301534518?
3
What is the millions digit of 65298850?
5
What is the thousands digit of 300614717?
4
What is the units digit of 1322655792?
2
What is the units digit of 32140903?
3
What is the hundreds digit of 235757601?
6
What is the hundreds digit of 6637027274?
2
What is the hundreds digit of 22403480?
4
What is the hundreds digit of 44544911?
9
What is the hundred thousands digit of 341526668?
5
What is the units digit of 97980166?
6
What is the thousands digit of 782833350?
3
What is the units digit of 382026131?
1
What is the hundred millions digit of 551745163?
5
What is the tens digit of 53513099?
9
What is the hundred thousands digit of 4172910478?
9
What is the millions digit of 5198579?
5
What is the millions digit of 7686435784?
6
What is the thousands digit of 30116924?
6
What is the thousands digit of 125440292?
0
What is the millions digit of 5742437?
5
What is the hundred millions digit of 183431326?
1
What is the tens digit of 34866121?
2
What is the ten millions digit of 2640637731?
4
What is the hundred thousands digit of 52219492?
2
What is the ten millions digit of 95899745?
9
What is the hundreds digit of 98006187?
1
What is the ten millions digit of 65481893?
6
What is the millions digit of 2767456?
2
What is the hundred thousands digit of 6791205287?
2
What is the millions digit of 47747517?
7
What is the ten thousands digit of 471311502?
1
What is the ten millions digit of 1373358230?
7
What is the hundreds digit of 23151049?
0
What is the hundreds digit of 445445207?
2
What is the ten millions digit of 25019418?
2
What is the millions digit of 30009556?
0
What is the hundreds digit of 47467742?
7
What is the thousands digit of 79488862?
8
What is the ten millions digit of 567626145?
6
What is the units digit of 661744784?
4
What is the hundreds digit of 59209871?
8
What is the hundreds digit of 59824318?
3
What is the tens digit of 82689980?
8
What is the ten thousands digit of 137604097?
0
What is the hundred millions digit of 152780578?
1
What is the hundred thousands digit of 72369543?
3
What is the millions digit of 689636402?
9
What is the millions digit of 476959370?
6
What is the ten thousands digit of 65736133?
3
What is the tens digit of 127819980?
8
What is the tens digit of 709421582?
8
What is the ten millions digit of 55817844?
5
What is the thousands digit of 22585909?
5
What is the tens digit of 42156613?
1
What is the units digit of 6224247617?
7
What is the ten thousands digit of 416127545?
2
What is the ten thousands digit of 404552?
0
What is the ten millions digit of 253910254?
5
What is the millions digit of 3513611?
3
What is the ten millions digit of 6780760284?
8
What is the thousands digit of 3770382847?
2
What is the hundreds digit of 1102619325?
3
What is the ten thousands digit of 8940244076?
4
What is the units digit of 109984558?
8
What is the hundreds digit of 808448380?
3
What is the hundred thousands digit of 2894675912?
6
What is the tens digit of 2760357372?
7
What is the ten thousands digit of 26425122?
2
What is the ten millions digit of 558634494?
5
What is the ten thousands digit of 390681206?
8
What is the thousands digit of 313779489?
9
What is the thousands digit of 43212639?
2
What is the tens digit of 4888978?
7
What is the thousands digit of 61624467?
4
What is the tens digit of 1709333527?
2
What is the ten thousands digit of 632408133?
0
What is the hundred thousands digit of 384471103?
4
What is the tens digit of 62391274?
7
What is the units digit of 696774701?
1
What is the millions digit of 361100896?
1
What is the hundred millions digit of 107126610?
1
What is the ten thousands digit of 267654125?
5
What is the hundred thousands digit of 83957075?
9
What is the ten millions digit of 6021558983?
2
What is the hundreds digit of 410693018?
0
What is the hundred thousands digit of 4262312476?
3
What is the ten millions digit of 171274471?
7
What is the hundred thousands digit of 3351656607?
6
What is the ten millions digit of 353288079?
5
What is the hundred thousands digit of 466312133?
3
What is the hundred thousands digit of 1753925106?
9
What is the tens digit of 100894337?
3
What is the hundreds digit of 2429886653?
6
What is the ten thousan